309c
Convert 45305040 (base 6) to base 9.
2528456
What is -209a810 (base 12) in base 5?
-3040131121
Convert -87534 (base 10) to base 4.
-111113232
What is 211221101112102 (base 3) in base 13?
26ab1a4
Convert 135063 (base 8) to base 5.
3011132
Convert -12496969 (base 10) to base 4.
-233223001021
What is -489593 (base 10) in base 2?
-1110111100001111001
What is 3997827 (base 12) in base 6?
1044141251
What is 65100 (base 14) in base 7?
2035400
What is 3460561 (base 8) in base 4?
3212011301
-1782626 (base 14) to base 12
-3a7994a
What is -1c7666 (base 15) in base 2?
-101010011110101001010
Convert -1217128 (base 9) to base 14.
-133006
1237044 (base 13) to base 16
568671
Convert 167386 (base 9) to base 13.
38358
151deb (base 15) to base 13
298a93
What is -441068 (base 9) in base 4?
-1000100333
Convert 3222221300 (base 4) to base 3.
1210211102122
120410120 (base 5) to base 2
10001000101110100011
1a72400 (base 11) to base 7
41434143
-236163535 (base 7) to base 12
-4b2937a
Convert -42023a (base 14) to base 7.
-24641203
What is -10d109d (base 15) in base 14?
-185a329
Convert -1110100000001100000 (base 2) to base 8.
-1640140
Convert -1022612 (base 7) to base 14.
-32db2
Convert 883401 (base 10) to base 15.
126b36
-636625 (base 7) to base 15
-22ab1
What is 1e411e (base 16) in base 4?
13210010132
What is -79a3aa (base 11) in base 13?
-35750b
36265 (base 9) to base 6
304222
Convert e8eb3 (base 15) to base 6.
23501340
-25435 (base 10) to base 9
-37801
Convert -304721 (base 10) to base 5.
-34222341
What is -456146 (base 7) in base 13?
-2b067
What is -103121213 (base 4) in base 11?
-5477a
What is -886160 (base 10) in base 2?
-11011000010110010000
Convert -6d65d9 (base 14) to base 5.
-1424301422
-819 (base 11) to base 13
-5b0
Convert 166455005 (base 7) to base 9.
23556265
13014123 (base 8) to base 12
b74417
What is 2573520 (base 11) in base 16?
43fc3c
Convert -32525120 (base 8) to base 13.
-15a9a54
Convert 83033 (base 10) to base 5.
10124113
c16ac (base 15) to base 16
95823
-3461117 (base 11) to base 7
-102260150
265761 (base 10) to base 4
1000320201
What is 771465 (base 11) in base 8?
4545562
What is 10c480 (base 13) in base 16?
61465
-b24864 (base 14) to base 2
-10110111010001100011000
What is -6525026 (base 7) in base 4?
-3002130302
What is -29e60 (base 16) in base 9?
-281364
Convert -6210226 (base 9) to base 2.
-1100101000111101010011
10200010020 (base 3) to base 7
420444
What is -e5627d (base 16) in base 10?
-15032957
What is -4659a38 (base 12) in base 10?
-13557644
b1a4aa (base 12) to base 15
39c734
12010322230 (base 4) to base 10
1593004
Convert 6773712 (base 8) to base 6.
103141402
-2202ba (base 12) to base 2
-10000011101110101110
What is 11414203 (base 6) in base 14?
95255
Convert -5735d2 (base 14) to base 6.
-143334032
-15bd4c (base 16) to base 12
-5885a4
-4870d (base 14) to base 13
-62746
What is 1880104 (base 10) in base 9?
3475014
1332130231 (base 4) to base 13
151990
Convert 187a2 (base 12) to base 2.
1000101101101010
-830396 (base 11) to base 9
-2451227
What is 36814 (base 15) in base 13?
61234
-20105c0 (base 14) to base 11
-8582913
Convert 14052411 (base 6) to base 10.
473623
What is -caa20 (base 13) in base 6?
-11504214
Convert 90a42 (base 14) to base 15.
6d092
11220412334 (base 5) to base 4
300111030113
Convert 120114604 (base 7) to base 13.
17031b2
Convert 275b8 (base 12) to base 11.
37990
Convert -82ca5 (base 15) to base 3.
-210001201202
Convert 48bcc2 (base 13) to base 10.
1740013
-4142144 (base 7) to base 15
-9c74e
67466 (base 13) to base 12
90615
What is -156181 (base 11) in base 15?
-4bc87
-7434353 (base 8) to base 4
-13203203223
Convert 6a704 (base 16) to base 5.
102422342
What is 10715730 (base 8) in base 5?
1044134111
What is 1153140 (base 6) in base 15?
133d0
Convert -54b4f (base 16) to base 4.
-1110231033
-3368643 (base 10) to base 15
-4681b3
32320032 (base 5) to base 8
1033453
-491719 (base 10) to base 13
-142a77
Convert 2213310 (base 7) to base 16.
42870
What is 1a47013 (base 11) in base 4?
31022101232
4c100c (base 14) to base 4
21332130010
What is -6034369 (base 10) in base 15?
-7e2e64
-a6144 (base 13) to base 15
-5d8e7
Convert 86123 (base 16) to base 4.
2012010203
-202210011 (base 4) to base 13
-4c593
Convert -220160 (base 8) to base 4.
-102001300
1291677 (base 13) to base 8
26172171
Convert -69c37a (base 14) to base 16.
-370728
Convert 9423b1 (base 12) to base 4.
20313332311
Convert 80535 (base 16) to base 8.
2002465
Convert -28c7b2 (base 16) to base 15.
-37bd0c
Convert -bc4072 (base 13) to base 7.
-52463316
What is 901767 (base 11) in base 8?
5423276
12325531 (base 6) to base 16
61c3f
What is 11111111101001001100 (base 2) in base 3?
1222012101002
Convert 664307 (base 9) to base 8.
1407032
1d0569 (base 15) to base 16
15a5e4
74081 (base 11) to base 13
3a160
What is 433230140 (base 5) in base 3?
10111002100122
-1cc2c (base 13) to base 10
-56991
10022000102 (base 3) to base 5
4034032
What is 222011000012 (base 3) in base 5?
112432204
Convert 2723484 (base 12) to base 13.
17b97a7
233532313 (base 7) to base 16
dc6acb
What is 8b19 (base 16) in base 8?
105431
Convert -132330120230 (base 4) to base 14.
-1112204
What is 22101211222222 (base 3) in base 7?
52644566
Convert -11111011011010011010 (base 2) to base 7.
-11516202
Convert -2777250 (base 10) to base 11.
-1627653
Convert -301080 (base 12) to base 8.
-2665440
1541210 (base 9) to base 13
23b833
5334311 (base 6) to base 9
437607
What is 1424412 (base 7) in base 12?
92820
What is 12575 (base 13) in base 10?
33896
18bb94 (base 12) to base 6
13155504
What is -b43e (base 15) in base 9?
-57215
Convert -17db6 (base 14) to base 10.
-60332
What is -a9311 (base 13) in base 14?
-7d6a4
13610ba (base 12) to base 16
3ae14e
-14340341 (base 5) to base 13
-545c2
Convert -12010100030 (base 4) to base 3.
-2222210110102
-41354a (base 12) to base 8
-3714112
122001222102 (base 3) to base 2
1010010000010110101
What is -3606131 (base 7) in base 3?
-212011101212
Convert -638963 (base 10) to base 16.
-9bff3
811766 (base 12) to base 9
3708866
What is 245450355 (base 6) in base 8?
22075237
3bbd4 (base 14) to base 16
2413e
What is 204298 (base 10) in base 13?
71cb3
What is 57dc71 (base 14) in base 4?
23123132323
Convert 414152 (base 6) to base 12.
17358
What is -5350626 (base 9) in base 3?
-12101200200220
Convert -10635210 (base 7) to base 4.
-3203320200
-11011101100000100 (base 2) to base 13
-3c810
What is 386634 (base 11) in base 10?
609030
What is -1011101001110001011101 (base 2) in base 14?
-59731b
Convert -1145121 (base 9) to base 3.
-1011112010201
Convert -1187633 (base 10) to base 16.
-121f31
What is 1ac812 (base 13) in base 12?
29024a
-1121101012101 (base 3) to base 8
-3203454
What is -1102222021012 (base 3) in base 12?
-30bb12
745036 (base 8) to base 15
4d8ba
Convert 101011110000101011 (base 2) to base 10.
179243
12637f (base 16) to base 5
302030434
Convert -471a68 (base 11) to base 4.
-2312323322
241586 (base 15) to base 3
10020200110100
-100330113020 (base 4) to base 16
-43c5c8
Convert 12122330032 (base 4) to base 2.
110011010111100001110
101110010110101000001 (base 2) to base 14
2b777b
What is -6143660 (base 7) in base 11?
-461243
-13042622 (base 7) to base 4
-10201310102
Convert 6b9c5 (base 13) to base 15.
3d67a
112d9c (base 15) to base 2
11001000001001101110
112000002111011 (base 3) to base 6
423301351
Convert -2215 (base 6) to base 11.
-429
What is 18ad3b (base 15) in base 12?
49b102
1604816 (base 9) to base 6
31021110
55325325 (base 7) to base 4
102022312320
Convert 101120120122122 (base 3) to base 14.
a646ca
What is 64746 (base 10) in base 4?
33303222
What is 11353200 (base 6) in base 4?
1113030000
What is -63ab53 (base 12) in base 5?
-400333002
What is 112321111 (base 4) in base 3?
11202122101
Convert 460614 (base 9) to base 14.
72869
301333010 (base 4) to base 3
101101211222
What is -13046616 (base 7) in base 2?
-100100010001001101011
Convert 1307131 (base 9) to base 15.
e176a
Convert ee72 (base 16) to base 15.
13147
-2a9a2 (base 12) to base 3
-10001112112
What is -4a215 (base 12) in base 10?
-100529
-1150528 (base 9) to base 15
-c4c1b
Convert 11111010000000110 (base 2) to base 6.
2424342
Convert -50032244 (base 6) to base 5.
-324412400
-1645331 (base 7) to base 3
-102200110202
-25221200 (